and 14?
14
Calculate the greatest common divisor of 50 and 6050.
50
Calculate the greatest common divisor of 49 and 5047.
49
Calculate the greatest common factor of 55 and 33.
11
Calculate the greatest common divisor of 975 and 624.
39
What is the highest common divisor of 4 and 1536?
4
What is the greatest common divisor of 12 and 3402?
6
What is the greatest common factor of 35 and 1120?
35
What is the highest common divisor of 180 and 990?
90
What is the greatest common factor of 6946 and 46?
46
Calculate the highest common divisor of 2975 and 238.
119
What is the highest common factor of 20 and 380?
20
What is the greatest common divisor of 56 and 3472?
56
Calculate the greatest common divisor of 10928 and 16.
16
Calculate the greatest common divisor of 72 and 5526.
18
What is the highest common factor of 395 and 5?
5
Calculate the highest common divisor of 11 and 583.
11
Calculate the highest common divisor of 57 and 5073.
57
Calculate the highest common divisor of 1918 and 182.
14
What is the highest common divisor of 57 and 38?
19
What is the greatest common factor of 221 and 68?
17
Calculate the greatest common factor of 17725 and 25.
25
Calculate the highest common factor of 18 and 918.
18
Calculate the highest common divisor of 323 and 17.
17
What is the highest common factor of 112 and 560?
112
What is the greatest common divisor of 236 and 14?
2
Calculate the highest common divisor of 2 and 1994.
2
What is the highest common divisor of 98 and 11711?
49
What is the highest common divisor of 19 and 4009?
19
What is the highest common divisor of 29 and 1189?
29
What is the greatest common divisor of 21 and 49?
7
Calculate the highest common divisor of 329 and 7.
7
What is the greatest common divisor of 365 and 2847?
73
Calculate the highest common factor of 24 and 1032.
24
Calculate the highest common divisor of 6751 and 314.
157
What is the highest common factor of 14 and 12222?
14
What is the greatest common divisor of 255 and 39355?
85
Calculate the highest common divisor of 632 and 10.
2
Calculate the highest common factor of 237 and 27.
3
What is the highest common divisor of 49781 and 67?
67
What is the highest common factor of 348 and 1668?
12
What is the highest common divisor of 18200 and 70?
70
Calculate the greatest common factor of 10 and 3200.
10
What is the greatest common factor of 1036 and 740?
148
What is the highest common divisor of 1960 and 343?
49
Calculate the greatest common factor of 848 and 18868.
212
Calculate the highest common divisor of 387 and 86.
43
Calculate the greatest common divisor of 999 and 37.
37
What is the greatest common divisor of 9 and 1089?
9
Calculate the highest common factor of 16665 and 825.
165
What is the greatest common factor of 93 and 13?
1
What is the greatest common factor of 37477 and 22?
11
What is the highest common factor of 86 and 215?
43
Calculate the highest common divisor of 35 and 25.
5
Calculate the greatest common divisor of 120 and 640.
40
Calculate the highest common divisor of 16583 and 7.
7
Calculate the greatest common factor of 4104 and 608.
152
What is the greatest common divisor of 6300 and 196?
28
What is the highest common factor of 496 and 32?
16
Calculate the highest common factor of 3 and 177.
3
Calculate the highest common factor of 476 and 68.
68
What is the highest common divisor of 18 and 4986?
18
Calculate the greatest common factor of 10 and 70130.
10
Calculate the highest common divisor of 371 and 77.
7
What is the greatest common divisor of 28 and 224?
28
Calculate the greatest common divisor of 36 and 384.
12
What is the greatest common divisor of 170 and 1054?
34
Calculate the greatest common divisor of 6 and 1434.
6
Calculate the greatest common divisor of 644 and 7406.
322
What is the highest common divisor of 5100 and 34?
34
Calculate the greatest common factor of 8242 and 182.
26
What is the highest common factor of 27 and 1728?
27
What is the highest common divisor of 5528 and 24?
8
What is the highest common divisor of 4047 and 57?
57
What is the highest common divisor of 2202 and 6?
6
Calculate the greatest common factor of 600 and 105.
15
What is the greatest common factor of 20 and 420?
20
What is the highest common factor of 39 and 572?
13
Calculate the greatest common divisor of 91 and 32851.
91
Calculate the highest common divisor of 30 and 2025.
15
Calculate the greatest common divisor of 105 and 195.
15
Calculate the greatest common factor of 2436 and 522.
174
What is the greatest common factor of 805 and 45?
5
What is the greatest common factor of 2336 and 32?
32
Calculate the highest common factor of 418 and 66.
22
What is the highest common divisor of 24 and 366?
6
What is the greatest common factor of 900 and 2880?
180
What is the greatest common divisor of 4674 and 114?
114
What is the greatest common factor of 600 and 1020?
60
What is the highest common factor of 10956 and 1162?
166
What is the greatest common factor of 284 and 2414?
142
What is the highest common divisor of 357 and 21?
21
What is the greatest common divisor of 525 and 63?
21
What is the highest common divisor of 258 and 102?
6
Calculate the highest common divisor of 8775 and 65.
65
Calculate the greatest common factor of 1030 and 50.
10
What is the greatest common factor of 115 and 2645?
115
Calculate the greatest common factor of 130 and 390.
130
What is the greatest common divisor of 26050 and 150?
50
Calculate the greatest common divisor of 76 and 248.
4
Calculate the greatest common factor of 5891 and 137.
137
What is the highest common divisor of 2 and 1198?
2
Calculate the greatest common divisor of 62 and 70.
2
What is the highest common divisor of 45 and 45?
45
Calculate the highest common divisor of 4 and 92.
4
What is the greatest common factor of 332 and 6059?
83
What is the greatest common factor of 2077 and 155?
31
What is the greatest common divisor of 28 and 364?
28
Calculate the greatest common factor of 899 and 87.
29
Calculate the greatest common factor of 105 and 6.
3
Calculate the highest common factor of 306 and 342.
18
Calculate the greatest common factor of 143 and 13.
13
What is the greatest common factor of 22 and 594?
22
Calculate the greatest common divisor of 88 and 64.
8
Calculate the highest common factor of 36 and 8.
4
Calculate the greatest common factor of 74 and 4.
2
What is the greatest common factor of 15521 and 187?
187
Calculate the greatest common divisor of 136 and 24.
8
What is the highest common factor of 7 and 602?
7
Calculate the greatest common factor of 22 and 4378.
22
Calculate the highest common factor of 14 and 455.
7
What is the greatest common factor of 30 and 18990?
30
What is the highest common factor of 30 and 6?
6
Calculate the greatest common factor of 36 and 15948.
36
What is the highest common factor of 264 and 72?
24
Calculate the highest common factor of 8051 and 97.
97
Calculate the highest common factor of 17 and 34.
17
What is the highest common factor of 31009 and 22?
11
What is the greatest common divisor of 69 and 391?
23
What is the greatest common divisor of 64 and 352?
32
What is the highest common divisor of 43 and 15007?
43
What is the greatest common factor of 72 and 144?
72
Calculate the highest common factor of 1140 and 30.
30
Calculate the highest common factor of 54 and 513.
27
What is the greatest common divisor of 47730 and 10?
10
What is the greatest common factor of 40 and 1980?
20
Calculate the highest common divisor of 106 and 2.
2
Calculate the highest common factor of 185 and 1887.
37
Calculate the highest common divisor of 621 and 54.
27
What is the greatest common factor of 60 and 435?
15
What is the greatest common divisor of 65 and 535?
5
What is the highest common divisor of 221 and 13039?
221
Calculate the greatest common factor of 21 and 917.
7
Calculate the greatest common divisor of 565 and 226.
113
What is the highest common divisor of 85 and 34?
17
What is the highest common factor of 15 and 55?
5
Calculate the greatest common factor of 6400 and 75.
25
Calculate the highest common factor of 32 and 10368.
32
What is the highest common divisor of 562 and 8?
2
Calculate the greatest common factor of 132 and 44.
44
Calculate the highest common divisor of 2226 and 8